4).
39
Let b(i) = -i**2 + 35*i - 72. Calculate b(14).
222
Let u(g) = -43*g - 740. Determine u(-18).
34
Let k(r) = -2*r**3 - 19*r**2 - 10*r + 21. Give k(-9).
30
Let o(p) = -11561*p + 69359. What is o(6)?
-7
Let t(a) = -3*a**2 + 169*a - 700. What is t(52)?
-24
Let b(o) = -o**3 - 6*o**2 + 49*o - 270. Calculate b(-12).
6
Let j(n) = 4*n**3 - 3*n**2 + 7*n - 8. Determine j(3).
94
Let b(g) = g**3 + 4*g + 22. Give b(-3).
-17
Let y(s) = 256*s - 6928. Calculate y(27).
-16
Let p(u) = -21*u + 324. Determine p(15).
9
Let c(s) = 22*s - 68. Determine c(8).
108
Let q(l) = -2*l**2 - 17*l - 5. What is q(-7)?
16
Let v(p) = 3*p**2 + 148*p + 15. What is v(-48)?
-177
Let z(h) = h**3 - 945*h**2 + 6568*h - 10. Determine z(7).
4
Let d(c) = 4*c + 115. Determine d(-25).
15
Let v(k) = -31*k + 687. What is v(22)?
5
Let h(a) = 472*a + 5680. What is h(-12)?
16
Let k(m) = -7*m**2 - 23*m + 23. Give k(1).
-7
Let p(t) = -3*t**3 - 3*t**2 + 10*t + 8. Determine p(3).
-70
Let u(r) = -1459*r - 30635. Determine u(-21).
4
Let v(p) = p**3 - 36*p**2 + 25*p - 893. Calculate v(36).
7
Let c(b) = -85*b + 2171. Determine c(25).
46
Let b(y) = -y**3 + 30*y**2 + 203*y - 5335. Determine b(31).
-3
Let d(j) = j**3 - 61*j**2 + 10*j - 116. Determine d(61).
494
Let u(k) = k**3 + 26*k**2 + 14*k + 47. What is u(-26)?
-317
Let h(x) = -13*x + 633. What is h(49)?
-4
Let x(b) = -b - 178. Determine x(-12).
-166
Let k(i) = -44804*i + 179214. Calculate k(4).
-2
Let n(z) = -8*z + 215. Calculate n(26).
7
Let h(f) = 14*f**2 + 30*f. Give h(-2).
-4
Let p(o) = -7*o + 8. Calculate p(-30).
218
Let p(d) = -17*d + 148. Give p(7).
29
Let o(d) = 128*d + 433. Give o(-11).
-975
Let u(v) = -422*v + 11. Give u(1).
-411
Let h(f) = -78*f - 5183. What is h(-66)?
-35
Let h(b) = -1681*b + 28576. Calculate h(17).
-1
Let o(p) = -p**3 - 965*p**2 - 15181*p + 50. Calculate o(-16).
2
Let r(p) = -3*p**3 - 13*p**2 + 33*p - 12. Determine r(-9).
825
Let b(l) = -l**2 + 23*l - 58. Calculate b(23).
-58
Let h(p) = 60*p**2 + 19*p - 9. Calculate h(2).
269
Let b(n) = 2*n**2 + 718*n + 6986. Determine b(-10).
6
Let k(l) = -587*l - 88664. Determine k(-151).
-27
Let p(f) = f**2 + 185*f - 8471. What is p(-223)?
3
Let x(j) = j**3 + 24*j**2 + 52*j - 233. What is x(-21)?
-2
Let u(x) = 86*x - 21. Give u(1).
65
Let t(c) = c**3 + 11*c**2 - 17*c - 182. Calculate t(-6).
100
Let c(y) = 101*y + 2148. Calculate c(-21).
27
Let t(c) = -235*c + 425. Determine t(2).
-45
Let c(r) = 2*r**3 - 115*r**2 - 198*r + 1239. Give c(59).
0
Let n(d) = 3*d**2 + 423*d + 1669. What is n(-4)?
25
Let c(w) = w**3 + 3*w**2 - 14*w + 43. Calculate c(-7).
-55
Let c(o) = -3114*o + 56050. Give c(18).
-2
Let l(i) = 33*i**2 - 158*i - 6. Give l(5).
29
Let g(w) = 18*w**2 - 10*w - 6. Calculate g(4).
242
Let h(w) = 304*w + 277. What is h(-1)?
-27
Let v(b) = 1639*b - 9828. Give v(6).
6
Let m(x) = x**2 - 26*x + 158. What is m(18)?
14
Let s(m) = -15*m**2 - 345*m - 78. Give s(-23).
-78
Let f(s) = 5*s**2 + 60*s - 73. Calculate f(-13).
-8
Let o(a) = 7*a**2 - 95*a - 48. Determine o(14).
-6
Let q(b) = 87*b + 10819. Give q(-126).
-143
Let s(y) = -3*y**3 - 25*y**2 + 9*y - 37. Determine s(-9).
44
Let a(n) = 9*n**2 + 1535*n - 1533. What is a(1)?
11
Let q(a) = 5*a + 110. Determine q(-32).
-50
Let a(o) = -o**3 - 4*o + 5. What is a(2)?
-11
Let z(o) = -o**2 - 7*o + 4144. Calculate z(-68).
-4
Let y(r) = -34*r + 162. Calculate y(5).
-8
Let z(y) = -248*y + 84818. Calculate z(342).
2
Let x(q) = 17*q + 445. Give x(-29).
-48
Let d(y) = -14*y + 394. Give d(27).
16
Let m(t) = 3*t**2 + 19*t - 77. Determine m(-9).
-5
Let b(z) = z**3 + 23*z**2 + 74*z + 3104. What is b(-25)?
4
Let k(w) = -w**2 + 8*w + 17. Give k(12).
-31
Let b(t) = 251*t - 2027. Determine b(8).
-19
Let m(r) = -r**3 - 9*r**2 + 21*r + 90. Give m(-10).
-20
Let k(l) = -l**3 + 48*l**2 + 120*l + 1689. Calculate k(51).
6
Let k(c) = -c**2 + 1103*c - 5516. What is k(5)?
-26
Let m(v) = 10*v**2 + 20*v. Give m(-3).
30
Let r(o) = o**3 + 42*o**2 - 90*o - 84. Give r(-44).
4
Let m(r) = 4*r**3 - 18*r**2 - 8*r + 62. Give m(4).
-2
Let v(m) = -m**3 + 50*m**2 + 10*m - 507. Give v(50).
-7
Let n(s) = 38*s + 521. What is n(-11)?
103
Let o(g) = -3188*g - 31891. What is o(-10)?
-11
Let x(l) = -11*l - 2. Give x(25).
-277
Let l(g) = 3*g + 74. What is l(-21)?
11
Let v(l) = -l**3 - 11*l**2 + 500*l + 6404. Give v(-14).
-8
Let d(u) = u**3 + 35*u**2 + 124*u + 155. Calculate d(-31).
155
Let k(w) = w - 7. Calculate k(8).
1
Let b(o) = 2*o**2 + 52*o - 597. Determine b(-33).
-135
Let k(i) = -i**3 + 15*i**2 + 6*i - 99. What is k(15)?
-9
Let x(g) = g**2 - 42*g + 410. What is x(27)?
5
Let t(v) = -2*v**3 - 12*v**2 + 39*v + 2. Give t(-11).
783
Let q(m) = m**3 + 19*m**2 + 61*m - 7. Determine q(-15).
-22
Let p(g) = g**2 - 92*g + 709. What is p(82)?
-111
Let x(o) = -73*o + 657. What is x(9)?
0
Let y(h) = -15*h - 1481. Determine y(-103).
64
Let s(m) = -31*m + 487. Determine s(15).
22
Let s(t) = -18*t + 92. Calculate s(34).
-520
Let m(w) = w**2 - 3*w - 56. Calculate m(6).
-38
Let v(j) = 451*j - 1769. Give v(4).
35
Let f(l) = -3*l + 71. Calculate f(-15).
116
Let w(o) = 3*o**3 - 11*o**2 - 2*o + 28. Determine w(2).
4
Let h(b) = -b**3 + 7*b**2 + 98*b - 14. Determine h(-7).
-14
Let r(l) = -l**2 + 10*l + 982. Determine r(-25).
107
Let h(d) = -d - 272. Determine h(0).
-272
Let w(u) = u**3 - 16*u**2 + 133*u - 1004. What is w(12)?
16
Let n(p) = -62*p - 772. Determine n(-13).
34
Let j(u) = -9*u - 722. Determine j(-85).
43
Let v(l) = l**3 - 40*l**2 + 84*l - 37. Give v(38).
267
Let y(d) = 56*d + 3695. Calculate y(-66).
-1
Let b(w) = -7*w**3 - 65*w**2 - 71*w - 5. Calculate b(-1).
8
Let r(o) = -2*o**3 - 13*o**2 + 25*o - 84. Calculate r(-9).
96
Let q(b) = -8*b**2 - 521*b + 449. Give q(-66).
-13
Let g(b) = -3*b**2 + 298*b + 4370. Calculate g(-13).
-11
Let k(d) = -d**2 + 53*d + 13. Give k(41).
505
Let z(f) = -2*f**2 - 42*f + 19. Calculate z(-21).
19
Let c(k) = -23*k**2 + 77*k - 1. Determine c(4).
-61
Let a(w) = w**3 + 2*w**2 - 61*w. Calculate a(-9).
-18
Let l(d) = d**3 + d**2 + 82*d + 2. Give l(0).
2
Let t(o) = 175*o**2 - 37*o - 35. What is t(-1)?
177
Let y(c) = c**2 + 74*c + 744. Give y(-62).
0
Let c(j) = 305*j + 713. What is c(-4)?
-507
Let l(p) = -5*p**2 - 64*p - 116. What is l(-11)?
-17
Let x(j) = j**3 + j**2 + 63*j - 131. What is x(2)?
7
Let x(s) = 5*s + 35. What is x(-15)?
-40
Let v(a) = 16*a**2 - 1279*a - 79. Determine v(80).
1
Let i(c) = -43*c + 4724. Calculate i(110).
-6
Let b(p) = 9*p - 284. What is b(29)?
-23
Let i(f) = -602*f - 2373. Determine i(-4).
35
Let p(v) = -2*v**3 - 671*v**2 + 309*v - 9057. Calculate p(-336).
15
Let j(m) = -m**3 - m**2 + 33*m + 14. Give j(6).
-40
Let p(t) = 5*t**2 - 495*t + 9. Calculate p(99).
9
Let c(b) = 8*b**3 + 19*b**2 - b - 6. Give c(-4).
-210
Let d(h) = h**3 - 11*h**2 - 139*h + 37. Calculate d(18).
-197
Let j(m) = 18*m + 2823. What is j(-157)?
-3
Let b(p) = 2*p**3 + 73*p**2 - 105*p + 314. What is b(-38)?
-28
Let z(k) = 317*k + 3802. Calculate z(-12).
-2
Let z(x) = 26*x + 47. Calculate z(-2).
-5
Let u(l) = -l**3 + 25*l**2 - 34*l + 113. Give u(23).
389
Let a(l) = -77*l**2 + 51*l + 17. Calculate a(1).
-9
Let y(r) = 2*r**2 + 6*r - 226. Determine y(9).
-10
Let c(h) = -2*h**3 - 44*h**2 - 25*h - 156. Give c(-21).
-513
Let b(x) = -x**2 - 68*x + 2691. Give b(28).
3
Let c(k) = 154*k + 3. Give c(-2).
-305
Let a(b) = 2*b**3 + 18*b**2 - 560*b - 5370. Give a(-16).
6
Let k(q) = 135*q - 6074. Determine k(45).
1
Let n(j) = -12*j**2 - 87*j - 204. What is n(-5)?
-69
Let x(i) = 29*i**2 + 338*i + 223. Give x(-11).
14
Let o(l) = -l**3 - 365*l**2 + 417*l + 18663. What is o(-366)?
-3
Let r(o) = 14*o + 199. Determine r(-8).
87
Let i(j) = -2*j - 29. Calculate i(44).
-117
Let f(r) = 3721*r - 33487. Determine f(9).
2
Let o(n) = -n**2 - 2*n + 37. Determine o(-8).
-11
Let j(i) = -5*i**3 - 9*i**2 - 19*i - 152. What is j(-5)?
343
Let z(m) = 3589*m + 32306. Calculate z(-9).
5
Let s(u) = -2*u**2 + 281*u - 4722. Calculate s(121).
-3
Let n(s) = -s**3 + 7*s**2 + 57*s + 160. Calculate n(-3).
79
Let t(j) = 48*j**2 + 142*j - 3. What is t(-3)?
3
Let r(f) = -18*f**2 - 109*f + 9. Give r(-6).
15
Let i(u) = 3*u**3 + 70*u**2 + 202*u + 30. Determine i(-20).
-10
Let o(a) = 14*a - 560. Determine o(45).
70
Let c(o) = -o**3 + 5*o**2 + 16*o - 167. Calculate c(7).
-153
Let y(j) = j**2 + 130*j + 4218. Give y(-72).
42
Let w(t) =